 + 7)
12
What is the value of 33 - ((-20 - -9) + -1)?
45
Calculate 196 + -183 + 8 + -3.
18
What is the value of -480 - -399 - (0 - 170)?
89
What is (19 - 0 - 0) + -60 + -102 + 150?
7
22 + -22 + -62 + 35
-27
-76 - (-24 - (-22 + 0 - (2 + 8 + -20)))
-64
Calculate 2 + (-9 - (-3 + -6) - -3) + -26 + -2.
-23
-51 + -10 - ((0 - 12) + (-153 - -156))
-52
What is -65 + (201 - (4 + 80))?
52
Calculate (3 - 10 - (55 - 86)) + (-2 - 5).
17
What is the value of -10 + 4 + (-17 - -41) - -43?
61
What is (-98 + 125 - (19 + -3)) + -3 + 40?
48
Calculate 13 - 1 - ((-38 - -63 - (0 + 4)) + 18).
-27
Calculate (-33 - 1) + -509 + 522 - (9 + -2).
-28
What is the value of 25 + -43 + (7 - 7) - 1?
-19
Evaluate 43 + (-80 + -118 - -106).
-49
Calculate 28 - (5 - (133 - 261)).
-105
Calculate (250 + -195 - 29) + (1 - -42).
69
Calculate 54 - ((228 - 258) + (-2 - -21)).
65
Calculate (-19 - -1 - (-744 + 704)) + -76.
-54
Evaluate -5 + 0 + -7 - (4 + 32 - 36).
-12
What is -13 + 19 - (-5 + -9 + -9)?
29
What is (21 - (-1 + 0)) + (-345 - -362)?
39
What is 11 + -1 + (-168 - -137) + 3?
-18
Evaluate (19 - (0 + 28 + 573 + -566)) + 13 + 0.
-3
What is the value of -32 + -27 + 25 + -11 + -3 + 2?
-46
-11 + (-5 - -11) - (871 - 792)
-84
What is (17 - (9 - -111)) + 67?
-36
What is -413 + 310 - (23 + -141)?
15
What is the value of 11 - -2 - (-11 - (-73 - -88))?
39
Calculate -46 + -1 + (31 - 0 - (191 + -154)).
-53
Calculate -2 - -21 - (610 - 588) - -29.
26
Calculate -39 - (1 + 62 + -28 - 62).
-12
What is 4 - 0 - (30 + -2) - ((-9 - 45) + 42)?
-12
What is 8 + (27 - (30 + -17) - 18) + -47 + 0?
-43
Calculate (2 - 1) + 1 + 2 + -15 + -27.
-38
What is the value of -6 + 16 - -7 - 11 - (-3 + -7)?
16
What is the value of -1 + 30 - (-10 - -22)?
17
Evaluate -4 + -66 - -22 - -23 - -53.
28
Calculate -188 + 321 - (-52 - -98).
87
-3 - (-20 + -2 + 4) - (-110 + 160)
-35
Calculate -7 + 1 + (8 - -7) + (33 - 50).
-8
Calculate 61 + 30 + (-118 - -55).
28
Evaluate -64 + (154 - (-50 + 78)).
62
What is -3335 - -3241 - (-1 - (-2 - 4))?
-99
Evaluate -51 + 33 + (-10 - 3) + 5 + -13.
-39
(93 - 53 - 109) + 74
5
What is (-7 - (-3 - -2)) + 5 + -16 + 31?
14
What is -108 - (76 + 82 + -164)?
-102
What is the value of 166 + -196 + (5 - (-8 + 5))?
-22
-116 + 89 + (1 - -2) + -45
-69
What is -25 + 0 + 10 + 17 - (28 + 2)?
-28
Evaluate 5 + (-8 - -4) + (-938 - -853).
-84
3 + 21 - 10 - -31 - (-83 - -79)
49
What is 2 + -2 + -7 - (-157 - (-303 + 170))?
17
Evaluate (-202 + 123 - (5 - -1)) + -11 + -11 + 2.
-105
Calculate 7 - (-275 + 288 + 35 + 1 + -2).
-40
What is -14 + (12 - (-67 + 16)) + 7 + 8 + -1?
63
Calculate -7 + 28 + 423 + -402.
42
What is (19 - (-25 + -37 + 134)) + (0 - 0)?
-53
Evaluate 6 - (3 - -4 - 0 - (-307 - -316)).
8
-9 + (0 - (-2 - 3)) + -61 - (-287 + 276)
-54
What is -32 - ((19 - 96) + 40)?
5
Calculate 59 + -74 + 5 - -36.
26
What is -2 + (84 - 96) - (-28 + 2)?
12
Calculate (-36223 - -36234) + (-7 - -1 - -1).
6
Calculate 82 - (5 + (19 - 34) + 13).
79
What is the value of 35 + -105 + -21 + (1 - (-2 + 6))?
-94
What is the value of -5 - 19 - -16 - (-2 - -13)?
-19
-1 + -55 + (190 - 291 - -120)
-37
(2 + 0 - (-2 + -2)) + 1966 + -1981 + -5
-14
What is the value of 21 + 6 + -4 - (-40 - -71) - (-95 - 1)?
88
Evaluate (-11 + -1 + -23 - 5) + (-15 - -26).
-29
Evaluate (-2 - (-5 + 5)) + (-7 - -6) + 10.
7
What is the value of 17 + (-20 + -10 - (-10 + -2)) - 72?
-73
What is (-2 - -3 - (28 + (5 - 22) + -17)) + -5?
2
Calculate (-5 + 7 - -4) + (-28 - (63 - 91)).
6
16 + (3 - 9) + 2 + -2 + (-28 - -38)
20
Calculate 0 - (-22 + 17 - (2 + -14)).
-7
What is (-69 - (-4 + -50)) + (20 - (0 + 2))?
3
Calculate (39 - 122 - (-76 - 0)) + 0 + 77 + 1.
71
What is 51 - (1 - (-35 + -43))?
-28
What is the value of (0 - (-1 + 1) - 17) + -39 + -122 + 160?
-18
117 + (-5 - ((-11 - -20) + 30))
73
Calculate -31 - ((-46 - -1) + -35).
49
(5 - 0) + -16 + -10 + -6 - -4
-23
1 - 3 - -38 - (-18 + (6 - -10))
38
What is 9 + -10 + 4 + -4 - -4?
3
Calculate 2 + (-27 + 3 - (13 + 2 - (-4 + 8))).
-33
Calculate -1 + (-35 - (-14 - (4 - 16 - -9))).
-25
What is 76 - (-70 - -53) - 51?
42
What is the value of -24385 + 24329 + -80 + 0?
-136
15 - (7 - ((5 - -4) + -53))
-36
Calculate -1 - -46 - (-131 + 140).
36
Calculate 17 + (-5 - (19 + (0 - 6))) + 11.
10
What is the value of (-16 + 9 - -13) + 6 + 14 + -21 - 10?
-5
What is -8 + (-48 - 7) + (-7 - -2 - -7)?
-61
(13 - (3 - 3) - -20) + -43
-10
Evaluate (138 - 126) + -3 + (26 - 4).
31
What is the value of 74 + 48 + (-34 - 72)?
16
Calculate -3 + (-12 - 0) + 139 + (-22 + 17 - 18).
101
Calculate 67 - (-54 + -23 + 78).
66
What is 23 + (-5 + 1 - -17) + 4?
40
Calculate -12 + (12 - 19) - (-57 + 51).
-13
What is the value of (86 - 83) + (-7 + (-8 - -10 - -115) - 0)?
113
(-86 - (-98 + 2)) + -33
-23
What is (42 - 4) + -60 - -5 - (-2 - -41)?
-56
Calculate 21 + -30 + -14 - -10 - -65.
52
Evaluate 42 - (-7 - (42 + -25 - 40)).
26
Calculate -45 + 95 - (53 - 14).
11
Evaluate (100 + -132 - (-27 + -6 + 7)) + (65 - 0).
59
-2 + 18 + (17 - 4) + -13
16
Calculate 18 + (1 - 2 - 21) + -15.
-19
Evaluate (-36 - 9) + -41 + 48 + -3.
-41
Calculate -3 - (5 + -4 + -10) - (-113 - -107).
12
What is the value of 21 - (108 - (-43 + 19 + 14))?
-97
Calculate (4 + -1 - 2) + 10 + -1 + -3297 + 3295.
8
What is the value of -5 - (-1 - 3) - (-14 + -30 + -1)?
44
-202 - -189 - (1 + -109) - 16
79
Evaluate 0 + 11 + (60 + (-109 - -59) - (1 + 12)).
8
What is the value of 4 - (-14 - (-11 + (12 - 3)) - -12)?
4
(-27 - 63) + -28 + -6 - (10 - 1 - 0)
-133
What is the value of (-6 - (-2 + -7)) + (-3 + 5 + 10 - 35)?
-20
What is (12 - (-8 - -5)) + (-149 - -164)?
30
-3 + -79 - (-6 + (20 - 2) - 12)
-82
Calculate -109797 - -109837 - (-98 + 1 + -1).
138
73 - 1 - (7280 + -7159)
-49
What is the value of -131 - ((97 - 2) + -307)?
81
What is the value of -1024 - -964 - (-81 + 21)?
0
What is -40 + 17 - ((6 - 1 - 8) + -9) - 4?
-15
Calculate (13 + -64 - -41) + (14 - (-4 - (-6 + -3))).
-1
Evaluate -8 + -10 + 13 + 7 - 35.
-33
Evaluate 9 + 4 + 3 + -5 + 8 + -29 - -96.
86
24 + (-21 - (-9 + 16)) + -25
-29
Evaluate -7 + -42 - (-2 - (5 + -12) - (93 + -80)).
-41
What is the value of -658 + 680 + (-13 + 13 - (-3 - 1))?
26
Evaluate (1 - -4) + (29 - 44 - -27).
17
What is the value of -252 + 52 - (-311 - -198)?
-87
1 + -19 + 19 + -19 + 14
-4
-13 - 5 - (9 - (-17 - -25)) - -88
69
What is -28 - (-14 + -1) - (31 - -10) - -10?
-44
What is the value of (-6 + 2 - (0 + -52)) + 52 + (-24 - 34)?
42
-124 + 0 - (-1976 + 1901)
-49
What is the value of 38 - (-11 + 23) - (120 + -9)?
-85
What is the value of (7 - 28) + (39 - 35) + -16?
-33
What is (1905 - 1942) + (-2 - (88 - -3))?
-130
Evaluate (-50 - -25) + 20 + -4 + 38 + 0.
29
What is the value of 36 - (27 - (16 - 22) - 38)?
41
Calculate 1 + 101 + (1 - (2 + 4 + -11)) + -8.
100
Evaluate -6 + -4 + 88 + -21 + 16 - (-7 + 6).
74
24 + 0 + 2160 + -2238
-54
Calculate (24 - ((23 - 18) + 26)) + -2 + 6.
-3
Calculate 4 + (4 - 0) - (32 + -25).
1
Calculate -1 + -18 - (3 + -7 - (-14 - (9 - 12))).
-26
What is (-7 - 14) + (-23 - (-93 + 24))?
25
Evaluate (-1 - (12 + 3)) + 40 + (-71 - -23).
-24
-9 + -7 + -2 + 11 + 2 + (89 - 109)
-25
What is the value of (1 + -3 - -2) + -106 + 184 + -206 + 14?
-114
What is the value of 1 + 14 + -9 + (-13 - -20)?
13
Evaluate (3 - 3 - 55) + (16 - 7 - 30) + 19.
-57
What is the value of (-2 - -54) + -29 + (0 - -6)?
29
Evaluate -28 - (0 + 11 + (4 - (-26 + 22 + 26))).
-21
What is the value of 28 + -75 + (10 - (-3 + 1))?
-35
What is -16 + (140 - 4) + -11 + (3 + -10 - -1)?
103
Evaluate 13 - (-48 + (60 - -13)).
-12
What is 42 + -58 + (-7 + -12 - -28)?
-7
31 + (27 + -63 - -36 - 6)
25
-58 - ((-11 - -28) + -11 + 4)
-68
Calculate (114 - (32 - -41)) + -22 + 4 + 4.
27
Calculate 10 - (1 + -1) - (3975 - 3997).
32
What is (63 - 114) + (21 - 3) + -3 + 0?
-36
Evaluate -72 + (1 + -12 + 36 + -49 - -11) + 15.
-70
-18 + -12 + 39 + 27 + -56
-20
Calculate 28 + 2 + -127 - -4.
-93
(284 - 258) + -12 + 30
44
(-28 - (65 - 93)) + (-20 - -3)
-17
What is (0 - -75) + (10 - (-2 + 2) - (4822 + -4803))?
66
What is the value of -11 + (22 - -12) + -52?
-29
What is the value of 19 - (-25 - -16 - 14)?
42
Evaluate 65 - (-8 - (28 + -57 + 29)).
73
What is 4 + -2 + 1 + -256 + 254 + 52?
53
Calculate 5 - (-16 + 18) - (23 + (14 - 91)).
57
-13 - ((13 - (52 + -22)) + (89 - 1))
-84
What is 8 + (46 + (-1 - 1) - (-1152 + 1144))?
60
What is 